[INFO] cloning repository https://github.com/roscale/rust-ecs-opengl
[INFO] running `Command { std: "git" "-c" "credential.helper=" "-c" "credential.helper=/workspace/cargo-home/bin/git-credential-null" "clone" "--bare" "https://github.com/roscale/rust-ecs-opengl" "/workspace/cache/git-repos/https%3A%2F%2Fgithub.com%2Froscale%2Frust-ecs-opengl", kill_on_drop: false }`
[INFO] [stderr] Cloning into bare repository '/workspace/cache/git-repos/https%3A%2F%2Fgithub.com%2Froscale%2Frust-ecs-opengl'...
[INFO] running `Command { std: "git" "rev-parse" "HEAD", kill_on_drop: false }`
[INFO] [stdout] 4ea0053c6b0cfaded065486e32aee2fcb0984ef1
[INFO] building roscale/rust-ecs-opengl against master#ff34b919075f35a1787659e9c448a34b06bab8de for issue-85264
[INFO] running `Command { std: "git" "clone" "/workspace/cache/git-repos/https%3A%2F%2Fgithub.com%2Froscale%2Frust-ecs-opengl" "/workspace/builds/worker-9/source", kill_on_drop: false }`
[INFO] [stderr] Cloning into '/workspace/builds/worker-9/source'...
[INFO] [stderr] done.
[INFO] validating manifest of git repo https://github.com/roscale/rust-ecs-opengl on toolchain ff34b919075f35a1787659e9c448a34b06bab8de
[INFO] running `Command { std: "/workspace/cargo-home/bin/cargo" "+ff34b919075f35a1787659e9c448a34b06bab8de" "metadata" "--manifest-path" "Cargo.toml" "--no-deps", kill_on_drop: false }`
[INFO] started tweaking git repo https://github.com/roscale/rust-ecs-opengl
[INFO] finished tweaking git repo https://github.com/roscale/rust-ecs-opengl
[INFO] tweaked toml for git repo https://github.com/roscale/rust-ecs-opengl written to /workspace/builds/worker-9/source/Cargo.toml
[INFO] crate git repo https://github.com/roscale/rust-ecs-opengl already has a lockfile, it will not be regenerated
[INFO] running `Command { std: "/workspace/cargo-home/bin/cargo" "+ff34b919075f35a1787659e9c448a34b06bab8de" "fetch" "--manifest-path" "Cargo.toml", kill_on_drop: false }`
[INFO] running `Command { std: "docker" "create" "-v" "/var/lib/crater-agent-workspace/builds/worker-9/target:/opt/rustwide/target:rw,Z" "-v" "/var/lib/crater-agent-workspace/builds/worker-9/source:/opt/rustwide/workdir:ro,Z" "-v" "/var/lib/crater-agent-workspace/cargo-home:/opt/rustwide/cargo-home:ro,Z" "-v" "/var/lib/crater-agent-workspace/rustup-home:/opt/rustwide/rustup-home:ro,Z" "-e" "SOURCE_DIR=/opt/rustwide/workdir" "-e" "CARGO_TARGET_DIR=/opt/rustwide/target" "-e" "CARGO_HOME=/opt/rustwide/cargo-home" "-e" "RUSTUP_HOME=/opt/rustwide/rustup-home" "-w" "/opt/rustwide/workdir" "-m" "1610612736" "--user" "0:0" "--network" "none" "ghcr.io/rust-lang/crates-build-env/linux@sha256:20528e8c29e4536546f0102ce88568b16ea7538393a33fcca951030f7af10457" "/opt/rustwide/cargo-home/bin/cargo" "+ff34b919075f35a1787659e9c448a34b06bab8de" "metadata" "--no-deps" "--format-version=1", kill_on_drop: false }`
[INFO] [stdout] eb1ac888329307f5b3f4a874fde6a8cde7225d80d76f83e2df8b2cefd75bba5b
[INFO] [stderr] WARNING: Your kernel does not support swap limit capabilities or the cgroup is not mounted. Memory limited without swap.
[INFO] running `Command { std: "docker" "start" "-a" "eb1ac888329307f5b3f4a874fde6a8cde7225d80d76f83e2df8b2cefd75bba5b", kill_on_drop: false }`
[INFO] running `Command { std: "docker" "inspect" "eb1ac888329307f5b3f4a874fde6a8cde7225d80d76f83e2df8b2cefd75bba5b", kill_on_drop: false }`
[INFO] running `Command { std: "docker" "rm" "-f" "eb1ac888329307f5b3f4a874fde6a8cde7225d80d76f83e2df8b2cefd75bba5b", kill_on_drop: false }`
[INFO] [stdout] eb1ac888329307f5b3f4a874fde6a8cde7225d80d76f83e2df8b2cefd75bba5b
[INFO] running `Command { std: "docker" "create" "-v" "/var/lib/crater-agent-workspace/builds/worker-9/target:/opt/rustwide/target:rw,Z" "-v" "/var/lib/crater-agent-workspace/builds/worker-9/source:/opt/rustwide/workdir:ro,Z" "-v" "/var/lib/crater-agent-workspace/cargo-home:/opt/rustwide/cargo-home:ro,Z" "-v" "/var/lib/crater-agent-workspace/rustup-home:/opt/rustwide/rustup-home:ro,Z" "-e" "SOURCE_DIR=/opt/rustwide/workdir" "-e" "CARGO_TARGET_DIR=/opt/rustwide/target" "-e" "CARGO_INCREMENTAL=0" "-e" "RUST_BACKTRACE=full" "-e" "RUSTFLAGS=--cap-lints=forbid" "-e" "CARGO_HOME=/opt/rustwide/cargo-home" "-e" "RUSTUP_HOME=/opt/rustwide/rustup-home" "-w" "/opt/rustwide/workdir" "-m" "1610612736" "--user" "0:0" "--network" "none" "ghcr.io/rust-lang/crates-build-env/linux@sha256:20528e8c29e4536546f0102ce88568b16ea7538393a33fcca951030f7af10457" "/opt/rustwide/cargo-home/bin/cargo" "+ff34b919075f35a1787659e9c448a34b06bab8de" "build" "--frozen" "--message-format=json", kill_on_drop: false }`
[INFO] [stdout] 4f3f8033de2ebcee6efff4578bb058b205d2d902b13415ce304462fb4aecf568
[INFO] [stderr] WARNING: Your kernel does not support swap limit capabilities or the cgroup is not mounted. Memory limited without swap.
[INFO] running `Command { std: "docker" "start" "-a" "4f3f8033de2ebcee6efff4578bb058b205d2d902b13415ce304462fb4aecf568", kill_on_drop: false }`
[INFO] [stderr]    Compiling autocfg v0.1.4
[INFO] [stderr]    Compiling libc v0.2.62
[INFO] [stderr]    Compiling cfg-if v0.1.9
[INFO] [stderr]    Compiling lazy_static v1.3.0
[INFO] [stderr]    Compiling rand_core v0.4.0
[INFO] [stderr]    Compiling log v0.4.8
[INFO] [stderr]    Compiling proc-macro2 v0.4.30
[INFO] [stderr]    Compiling nodrop v0.1.13
[INFO] [stderr]    Compiling scopeguard v0.3.3
[INFO] [stderr]    Compiling memoffset v0.2.1
[INFO] [stderr]    Compiling either v1.5.2
[INFO] [stderr]    Compiling rayon-core v1.5.0
[INFO] [stderr]    Compiling syn v0.15.39
[INFO] [stderr]    Compiling libm v0.1.4
[INFO] [stderr]    Compiling byteorder v1.3.2
[INFO] [stderr]    Compiling bitflags v1.1.0
[INFO] [stderr]    Compiling memchr v2.2.1
[INFO] [stderr]    Compiling khronos_api v3.1.0
[INFO] [stderr]    Compiling rawpointer v0.1.0
[INFO] [stderr]    Compiling getrandom v0.1.12
[INFO] [stderr]    Compiling cc v1.0.37
[INFO] [stderr]    Compiling num-derive v0.2.5
[INFO] [stderr]    Compiling winapi v0.2.8
[INFO] [stderr]    Compiling xml-rs v0.8.0
[INFO] [stderr]    Compiling smallvec v0.6.10
[INFO] [stderr]    Compiling adler32 v1.0.3
[INFO] [stderr]    Compiling regex-syntax v0.6.11
[INFO] [stderr]    Compiling nonzero_signed v1.0.3
[INFO] [stderr]    Compiling quick-error v1.2.2
[INFO] [stderr]    Compiling lzw v0.10.0
[INFO] [stderr]    Compiling ordermap v0.3.5
[INFO] [stderr]    Compiling ppv-lite86 v0.2.5
[INFO] [stderr]    Compiling fixedbitset v0.1.9
[INFO] [stderr]    Compiling cgmath v0.16.1
[INFO] [stderr]    Compiling mint v0.5.1
[INFO] [stderr]    Compiling termcolor v1.0.5
[INFO] [stderr]    Compiling nom v1.2.4
[INFO] [stderr]    Compiling slab v0.4.2
[INFO] [stderr]    Compiling approx v0.1.1
[INFO] [stderr]    Compiling atom v0.3.5
[INFO] [stderr]    Compiling color_quant v1.0.1
[INFO] [stderr]    Compiling mopa v0.2.2
[INFO] [stderr]    Compiling hashbrown v0.5.0
[INFO] [stderr]    Compiling downcast-rs v1.0.4
[INFO] [stderr]    Compiling shrev v1.1.1
[INFO] [stderr]    Compiling tuple_utils v0.3.0
[INFO] [stderr]    Compiling scoped_threadpool v0.1.9
[INFO] [stderr]    Compiling tobj v0.1.10
[INFO] [stderr]    Compiling arrayvec v0.4.10
[INFO] [stderr]    Compiling typenum v1.10.0
[INFO] [stderr]    Compiling kernel32-sys v0.2.2
[INFO] [stderr]    Compiling crossbeam-utils v0.6.5
[INFO] [stderr]    Compiling thread_local v0.3.6
[INFO] [stderr]    Compiling matrixmultiply v0.2.2
[INFO] [stderr]    Compiling humantime v1.2.0
[INFO] [stderr]    Compiling inflate v0.4.5
[INFO] [stderr]    Compiling rand_core v0.3.1
[INFO] [stderr]    Compiling rand_jitter v0.1.4
[INFO] [stderr]    Compiling gif v0.10.2
[INFO] [stderr]    Compiling semver v0.2.3
[INFO] [stderr]    Compiling petgraph v0.4.13
[INFO] [stderr]    Compiling c2-chacha v0.2.2
[INFO] [stderr]    Compiling rand_isaac v0.1.1
[INFO] [stderr]    Compiling rand_xorshift v0.1.1
[INFO] [stderr]    Compiling rand_hc v0.1.0
[INFO] [stderr]    Compiling cmake v0.1.40
[INFO] [stderr]    Compiling num-traits v0.2.8
[INFO] [stderr]    Compiling num-integer v0.1.41
[INFO] [stderr]    Compiling num-complex v0.2.3
[INFO] [stderr]    Compiling rand_chacha v0.1.1
[INFO] [stderr]    Compiling rand_pcg v0.1.2
[INFO] [stderr]    Compiling rand v0.6.5
[INFO] [stderr]    Compiling num-iter v0.1.39
[INFO] [stderr]    Compiling num-rational v0.2.2
[INFO] [stderr]    Compiling crossbeam-queue v0.1.2
[INFO] [stderr]    Compiling gl_generator v0.13.1
[INFO] [stderr]    Compiling generic-array v0.12.3
[INFO] [stderr]    Compiling crossbeam-epoch v0.7.1
[INFO] [stderr]    Compiling aho-corasick v0.7.6
[INFO] [stderr]    Compiling deflate v0.7.20
[INFO] [stderr]    Compiling num_cpus v1.10.1
[INFO] [stderr]    Compiling rand_os v0.1.3
[INFO] [stderr]    Compiling time v0.1.42
[INFO] [stderr]    Compiling atty v0.2.13
[INFO] [stderr]    Compiling thread-id v2.0.0
[INFO] [stderr]    Compiling rand v0.4.6
[INFO] [stderr]    Compiling crossbeam-deque v0.6.3
[INFO] [stderr]    Compiling thread_local v0.2.7
[INFO] [stderr]    Compiling rand_core v0.5.1
[INFO] [stderr]    Compiling quote v0.6.12
[INFO] [stderr]    Compiling state v0.4.1
[INFO] [stdout] error[E0658]: trait bounds other than `Sized` on const fn parameters are unstable
[INFO] [stdout]    --> /opt/rustwide/cargo-home/registry/src/github.com-1ecc6299db9ec823/state-0.4.1/src/container.rs:111:22
[INFO] [stdout]     |
[INFO] [stdout] 111 |                 map: UnsafeCell::new(0 as *mut _),
[INFO] [stdout]     |                      ^^^^^^^^^^^^^^^^^^^^^^^^^^^^
[INFO] [stdout]     |
[INFO] [stdout]     = note: see issue #57563 <https://github.com/rust-lang/rust/issues/57563> for more information
[INFO] [stdout]     = help: add `#![feature(const_fn_trait_bound)]` to the crate attributes to enable
[INFO] [stdout] 
[INFO] [stdout] 
[INFO] [stdout] error[E0658]: trait bounds other than `Sized` on const fn parameters are unstable
[INFO] [stdout]    --> /opt/rustwide/cargo-home/registry/src/github.com-1ecc6299db9ec823/state-0.4.1/src/container.rs:111:38
[INFO] [stdout]     |
[INFO] [stdout] 111 |                 map: UnsafeCell::new(0 as *mut _),
[INFO] [stdout]     |                                      ^^^^^^^^^^^
[INFO] [stdout]     |
[INFO] [stdout]     = note: see issue #57563 <https://github.com/rust-lang/rust/issues/57563> for more information
[INFO] [stdout]     = help: add `#![feature(const_fn_trait_bound)]` to the crate attributes to enable
[INFO] [stdout] 
[INFO] [stdout] 
[INFO] [stdout] error[E0658]: trait bounds other than `Sized` on const fn parameters are unstable
[INFO] [stdout]   --> /opt/rustwide/cargo-home/registry/src/github.com-1ecc6299db9ec823/state-0.4.1/src/storage.rs:58:6
[INFO] [stdout]    |
[INFO] [stdout] 58 | impl<T: Send + Sync + 'static> Storage<T> {
[INFO] [stdout]    |      ^
[INFO] [stdout]    |
[INFO] [stdout]    = note: see issue #57563 <https://github.com/rust-lang/rust/issues/57563> for more information
[INFO] [stdout]    = help: add `#![feature(const_fn_trait_bound)]` to the crate attributes to enable
[INFO] [stdout] 
[INFO] [stdout] 
[INFO] [stdout] error[E0658]: trait bounds other than `Sized` on const fn parameters are unstable
[INFO] [stdout]    --> /opt/rustwide/cargo-home/registry/src/github.com-1ecc6299db9ec823/state-0.4.1/src/tls.rs:111:6
[INFO] [stdout]     |
[INFO] [stdout] 111 | impl<T: Send + 'static> LocalStorage<T> {
[INFO] [stdout]     |      ^
[INFO] [stdout]     |
[INFO] [stdout]     = note: see issue #57563 <https://github.com/rust-lang/rust/issues/57563> for more information
[INFO] [stdout]     = help: add `#![feature(const_fn_trait_bound)]` to the crate attributes to enable
[INFO] [stdout] 
[INFO] [stdout] 
[INFO] [stdout] error: aborting due to 4 previous errors
[INFO] [stdout] 
[INFO] [stdout] 
[INFO] [stdout] For more information about this error, try `rustc --explain E0658`.
[INFO] [stdout] 
[INFO] [stderr] error: could not compile `state`
[INFO] [stderr] 
[INFO] [stderr] To learn more, run the command again with --verbose.
[INFO] [stderr] warning: build failed, waiting for other jobs to finish...
[INFO] [stderr] error: build failed
[INFO] running `Command { std: "docker" "inspect" "4f3f8033de2ebcee6efff4578bb058b205d2d902b13415ce304462fb4aecf568", kill_on_drop: false }`
[INFO] running `Command { std: "docker" "rm" "-f" "4f3f8033de2ebcee6efff4578bb058b205d2d902b13415ce304462fb4aecf568", kill_on_drop: false }`
[INFO] [stdout] 4f3f8033de2ebcee6efff4578bb058b205d2d902b13415ce304462fb4aecf568
